at is the units digit of v?
2
Suppose -52 = -x - 7. What is the tens digit of x?
4
Suppose -4*k = -3*q + 14, -2*q + 7*q - 4*k = 34. Suppose -3*r - 2*r + q = 0. Suppose 0 = -r*x + 10, -u + 4*x = u. What is the units digit of u?
0
Suppose 0 = m - 4. Suppose s - x - 27 = -4*s, -3*s + m*x + 23 = 0. Suppose -5*l - s = -55. What is the units digit of l?
0
Let y(f) = -4*f - 4. Suppose 4*v + 6 = 3*v. Let h be y(v). Suppose -5*m + 2*j = -3*j - 95, -h = 4*j. What is the units digit of m?
4
Let o(l) = l**2 - 2*l - 1. Let r be o(3). Let d(z) = 2 + z**2 + 0*z**r + z + 5. What is the units digit of d(0)?
7
Let t be (6/2)/((-3)/(-9)). Suppose 49 = 4*v + t. What is the units digit of v?
0
Let t(w) = 17*w - 99. What is the units digit of t(22)?
5
Suppose -3*q + 4*q - 45 = 0. What is the tens digit of q?
4
Suppose -5*r = -2*l - 164, -2*r + 0*r + 2*l + 68 = 0. What is the tens digit of r?
3
Let j = 374 + -245. Suppose 0*l - j = -5*q + 3*l, 98 = 4*q - 5*l. What is the units digit of q?
7
Suppose 0 = -2*d + 4*z + 7 + 1, d = -5*z - 31. What is the tens digit of 24*(14/d - -3)?
1
Let c(h) = -10*h. Let q be c(-2). Let o = -10 + q. What is the tens digit of o?
1
Suppose 0 = 3*g + g - 20. Suppose -g + 7 = 2*b. What is the units digit of b?
1
Let d = 23 + -4. What is the units digit of d?
9
Let j be 1 - (88/2 - 2). Let o = j - -8. Let m = -23 - o. What is the tens digit of m?
1
Let g be 172/6 - (-5)/15. Let u = g + -17. What is the tens digit of u?
1
Let w(i) = i**2 - 7*i - 13. Let z be w(9). Suppose q - 6 = z. What is the units digit of q?
1
Let n(u) = 11*u**2 - 4*u. What is the hundreds digit of n(-3)?
1
Let p = 110 - 94. Suppose 4*k + y - 34 = 0, -5*y = k - 21 + 3. Suppose k*v = 6*v + p. What is the units digit of v?
8
Suppose 4*s - 164 = 148. What is the tens digit of s?
7
Let w(c) = -c - 3. Let b be w(-6). Suppose -b*j = 2*j. Suppose j = -2*r + 4*x - 4, -r - 5*x + 12 = 0. What is the units digit of r?
2
Let k(n) = -41*n - 38. What is the units digit of k(-9)?
1
Let r(q) = 36*q - 14. What is the tens digit of r(5)?
6
What is the units digit of (-426)/(-10) - 14/(-35)?
3
Suppose 2 + 34 = 4*y. Suppose -y = -4*c + 3. Suppose -5*q + i = -55, -3*q - c*i = -10 - 5. What is the tens digit of q?
1
Let a(x) = 5*x - x - 7 - 2*x. What is the units digit of a(6)?
5
Suppose -3*u - 2*r - 2*r = -2, 4 = u + 2*r. Let n be (-10)/u + 2/6. What is the units digit of (1/(-1) + 5)/n?
2
Suppose 8 = -5*n + 2*u + 106, -n + 4*u + 34 = 0. What is the units digit of n?
8
Let d(m) = m**2 + 6*m + 5. Let u be d(-6). Suppose 0 = u*i + 5*v + 5, 2*v + 6 - 1 = -i. Suppose 23 = 2*x - i. What is the tens digit of x?
1
Let g(y) = -y**2 + 4*y + 3. Suppose 0 = 2*h - 3 - 3. What is the units digit of g(h)?
6
Suppose 3*s = 10 + 11. Suppose 5*f = -2*n + s*n, 25 = -3*f - 2*n. What is the units digit of (-25)/(-3) - f/(-15)?
8
Let j = 6 - 4. Let h(f) = f**2 - 2*f + 2. Let b be h(j). What is the units digit of (-36)/30*(-10)/b?
6
Let y = 13 + -8. What is the units digit of y?
5
Suppose 0 = 54*b - 51*b - 582. What is the tens digit of b?
9
What is the units digit of (74/8)/((-7)/(-28))?
7
Suppose 5*m + 4*u = 9*u - 30, -29 = 4*m - 5*u. Suppose 0 = -5*g + 2*t - 50, 4*g = g + t - 29. Let y = m - g. What is the units digit of y?
7
Let o(t) = -3*t - 7. Let d be o(-5). Let w(n) = -n**3 + 7*n**2 + 9*n + 1. What is the units digit of w(d)?
9
Suppose -3*l = -2*l. Suppose l = -5*f - 11 + 106. What is the tens digit of f?
1
Let a(g) = g + 3. Let m be a(6). Suppose 5*x + 4*y + 24 - m = 0, 0 = 4*x - 4*y - 24. What is the units digit of (-1)/(1/x) + 5?
4
Suppose 3*u = 0, y + y + 2*u = 58. What is the units digit of y?
9
Suppose -7*p + 90 = -p. What is the units digit of p?
5
Let q = 76 + 62. What is the tens digit of q?
3
Suppose 2*h + 0*h - 2 = 0. Suppose 0 = -k + 12 - h. What is the units digit of k?
1
Let y(a) = a**3 - 5*a**2 + 4*a - 12. What is the units digit of y(6)?
8
Let n = 11 - 7. What is the units digit of (1 - n)*(-1)/3?
1
What is the tens digit of (-3)/(-4) + (-525)/(-4)?
3
Suppose -2*r + 17 = 3. What is the units digit of r?
7
Let p = 7 - 14. Let z = p + 15. Suppose z = 5*o - 7. What is the units digit of o?
3
Let t = -17 - -29. Let s = -5 - -8. Suppose -s*c = -5*c + t. What is the units digit of c?
6
Suppose -5*a - 16 = -56. Suppose 4*r + 44 = a*r. What is the tens digit of r?
1
Let q(w) = -w**2 + 8*w - 6. Let m be q(6). Suppose -5*d = -m - 59. What is the tens digit of d?
1
What is the units digit of (-56)/70*(-1 + (-9 - 0))?
8
Let x = -57 + 101. Suppose i = 2*o + 2, 4*i + 2*o + 16 = x. What is the units digit of i?
6
Let y(u) be the third derivative of u**6/120 + u**5/60 + 7*u**3/6 - 2*u**2. What is the units digit of y(0)?
7
Let v(f) = 4*f**2 + 3*f - 1. What is the tens digit of v(-4)?
5
Let v = -162 + 255. What is the units digit of v?
3
Let j(d) = -d**2 - 6*d - 4. Let z be j(-5). Let t = 14 - z. What is the units digit of t?
3
Suppose -2*s + 27 = s. What is the units digit of s?
9
Let x(u) = -u**3 + u**2 + u + 6. Let c be x(0). Let g = 20 - c. What is the units digit of g?
4
Suppose j = 3*v - 25, -26 - 9 = -v - 5*j. What is the units digit of v?
0
Suppose 2*g = g + 16. What is the units digit of g?
6
Suppose 0*w = w - 3. Suppose 5*h + b - 165 - 44 = 0, 5*h - w*b - 193 = 0. What is the units digit of h?
1
Suppose -i + 1 = -1, 4*i - 6 = -p. What is the tens digit of (-80)/6*3/p?
2
What is the tens digit of ((-464)/(-10))/((-16)/(-40))?
1
Let t(y) = -y**3 - 7*y**2 + 2*y + 8. Let i be t(-7). Let g(h) = h**3 + 7*h**2 - 4*h - 4. What is the units digit of g(i)?
6
Let y = -76 - -147. What is the units digit of y?
1
Let n(a) = 2*a - 1 - 9*a - 3*a**2 + 2*a**2. Let v = -14 + 8. What is the units digit of n(v)?
5
Let x(n) = n**2 - 4*n - 6. What is the tens digit of x(9)?
3
Let k = -4 - -6. Suppose 14 = -4*i + 2*n, 3*i + k*n + 0 = -7. What is the units digit of -1 - (-7 - 3/i)?
5
Suppose 4*n - 9 = n. Let a(u) = 5*u - 2. What is the tens digit of a(n)?
1
Suppose -51 = -6*k + 69. What is the units digit of k?
0
Let s = -5 + 22. What is the units digit of s?
7
Let c = -57 - -114. What is the units digit of c?
7
Let x = -21 + 14. Let d(g) = 7*g**3 + g**2 - 14. Let w(o) = -8*o**3 + 15. Let p(n) = -7*d(n) - 6*w(n). What is the units digit of p(x)?
8
Let k(h) = -4*h + 3. Let y(a) = -5*a + 4. Let g(z) = 6*k(z) - 5*y(z). Let n be g(3). What is the tens digit of ((-11)/(-1) - -2)*n?
1
Suppose 4*l = 3*l. Suppose 2*g + 34 = 4*t - l*g, 5*t + 4*g = 49. What is the units digit of t?
9
Let s be (-1 - (-1 + -66))*1. Suppose 3*b - 52 = 2*j, 0*b - s = -4*b + j. What is the units digit of b?
6
Let y(g) = g - 1. Suppose -40 = -2*w - 2*w. What is the units digit of y(w)?
9
Suppose 12*j + 165 = 15*j. What is the tens digit of j?
5
Suppose 0 = -5*p + 17 + 18. Suppose -o = -3*y + 8, 5*y = 4*o + 12 - 1. Suppose p = -2*n + y*n. What is the units digit of n?
7
Suppose 731 - 121 = 5*u. What is the hundreds digit of u?
1
Suppose 5*u - 6 = 14. Let l be 0/(-1) + u + -1. Suppose -l*i - t + 26 = 0, -3*i = -3*t + 2*t - 28. What is the units digit of i?
9
Suppose 0 = w + w - g - 5, 0 = 4*w + 5*g - 17. Suppose -w*f + 2*f + 13 = z, -4*f - 47 = -5*z. What is the tens digit of z?
1
Suppose -5*a - 3*r = 58 + 288, 2*r = 3*a + 200. Let k = -43 - a. What is the units digit of k?
5
Suppose -3*k = 4*g - 16, 3*k = -4*g + 4*k. Suppose -h - 26 = 2*h - 2*d, -22 = h - 4*d. What is the tens digit of (7/(-3))/(g/h)?
1
Let j = -4 - -7. Suppose 46 = j*g - 17. Suppose -g = q - 4*q. What is the units digit of q?
7
Suppose -9*d = -5*d. Let q = 18 + -11. Suppose 3*k - q - 8 = d. What is the units digit of k?
5
Let f(x) = 4*x - 2. What is the units digit of f(4)?
4
Let y(j) = -j**2 - j + 4. Let g be y(0). Suppose -g*k + 4 = -8. What is the units digit of k?
3
What is the tens digit of (21/27 - 1) + (-2490)/(-27)?
9
What is the tens digit of ((-2)/3)/(2/(-66))?
2
Suppose 3 + 5 = 2*f - 4*q, -f + q + 3 = 0. Suppose 0 = -3*j, -4*t - f*j = -5*t + 7. What is the units digit of t?
7
Let h(z) be the first derivative of 7*z**2/2 - 4*z + 1. What is the tens digit of h(4)?
2
Let b(h) = h**2 + 5*h + 9. Let s be b(-7). Suppose -4 + s = -3*q + 2*n, 5*q = -3*n. Let d = -1 - q. What is the units digit of d?
2
Suppose 0 = -5*a - 3*m - 6 - 18, -3*a + 3*m - 24 = 0. What is the units digit o